*s**2 + s**2 - 716*s - 18 - s**2. Determine v(18).
0
Let m(p) be the first derivative of -p**3/3 + 3*p**2 + 4*p + 371. Suppose 3*j - 18 = -3*g - j, 3*g + j = 18. Determine m(g).
4
Suppose -3*g = -2*g + 9. Let s be 9*1*(-3)/g. Let p(z) = 4*z - 13. Let m(h) = -6*h + 19. Let j(b) = -5*m(b) - 7*p(b). What is j(s)?
2
Let g(a) = -6*a - 1. Let d be (2/(-4))/(2/(-8)). Suppose d*x - 7*x = 3*u - 17, 5*u - 17 = 3*x. What is g(x)?
-7
Suppose 2*w + 7 = -7. Let h(n) be the third derivative of n**5/60 + 7*n**4/24 + 3*n**3/2 - 2000*n**2. Give h(w).
9
Let x(t) = -31 + 6*t + 6 - 5 + 0*t**2 + 2*t**2 - 28. Calculate x(-7).
-2
Let a be 17 - (-4)/(-1 + -3). Let d = 18 - a. Let o(h) = 3 + 1 + d*h + 0*h. Calculate o(-5).
-6
Let t = 68 + -17. Let p = t + -45. Let f(i) = -3*i + 6. Determine f(p).
-12
Let w(t) = -2*t**2 - 15*t**2 - 3*t**2. What is w(-1)?
-20
Let m(s) = 2*s + 9. Let g = 40 - 10. Let z be 904/g - (-2)/(-15). Suppose -3*h + 4*b = z, 3*h + 12 + 3 = -b. Determine m(h).
-3
Let u(y) = -4*y - 13. Let a be (75/(-60))/(3/12). Give u(a).
7
Let r(t) = -2*t + 2. Let g(o) be the third derivative of o**4/24 - o**3/6 - o**2. Let h(x) = 4*g(x) + r(x). Let p = -30 - -35. Give h(p).
8
Let c(x) = 14. Let g(u) = -u - 45. Let z(p) = -13*c(p) - 4*g(p). Let d = -15 - -10. Give z(d).
-22
Let c(k) = k + 9. Let s be c(-5). Suppose -2*a + 4*b + 30 = 0, 0*a - a + 25 = -s*b. Let t = 2 - a. Let i(l) = l**3 + 5*l**2 + 4*l + 2. Determine i(t).
8
Suppose -n = r - 10, 2*r = n + n. Let q(g) = g**3 - 6*g**2 + 7*g - 7. Calculate q(n).
3
Let t(h) = -h**2 + 4*h + 1. Let j be (-1 - -1)*-1 - -3. Let o be t(j). Let v(i) be the second derivative of i**4/6 - i**3 + i**2/2 + 2080*i. Give v(o).
9
Let d be 1/(-2) - (99/6)/(-11). Let w be (-1 + d)/((-14)/14). Let t(a) = a**2 + a + 3. Calculate t(w).
3
Let b(l) = 5*l + 0 - l**2 - 1 - 6*l. Let a be b(4). Let z = a - -16. Let d(g) = 2*g**2 + 7*g. Determine d(z).
15
Let n(y) = -7*y**2 - 7*y - 4. Let j(z) = -z**2 - z - 1. Let c(r) = -6*j(r) + n(r). Let m = -4442 - -4444. Give c(m).
-4
Let a(w) be the third derivative of -w**6/120 + w**5/12 + w**4/4 + 11*w**3/6 + 37*w**2 - 2*w. Calculate a(6).
11
Let w(c) = -c**3 + 24*c**2 + 9*c - 49. Let v be w(24). Let b = 165 - v. Let q(l) = l**3 + l**2 + 1. What is q(b)?
-3
Let i = -2321 - -2319. Let b(s) = 22*s + 1. Determine b(i).
-43
Let n(h) = 2 + 4*h - 4*h**2 - 1 + 5 - h**3. Let k be (-4)/(-4) - (0 + -1). Suppose -t - 9 = -2*z, 0*t - k*z = -3*t - 19. What is n(t)?
11
Let r be (-120)/(-6) - 5 - 4. Let t(a) = a**3 - 11*a**2 + 2*a - 4. Determine t(r).
18
Let u(q) be the second derivative of -5*q**4/2 - q**3/3 + q**2/2 + 3*q + 24. Determine u(1).
-31
Suppose u - 18 = 3*x, 0 = -3*u - 4*x + 7*x + 30. Let m be 2/(0 + 1)*3. Let t(f) = -m*f + 3*f**2 - 1 + 5*f**2 - f**2 - f**3. Determine t(u).
-1
Let t be (-4)/(-26) + 579/39. Let k(b) = -b**3 + 14*b**2 + 17*b - 12. Give k(t).
18
Let i(b) = -b. Let c(h) = -44*h - 3. Let n(q) = -29*q - 2. Let u(o) = -5*c(o) + 8*n(o). Let r(f) = -4*i(f) + u(f). Let w be (-4)/(-6)*9/6. Determine r(w).
-9
Let a(k) = k**3 + 10*k**2 + 2*k + 9. Let u(c) = -12*c**2 - 7*c - 5. Let y be u(-1). Give a(y).
-11
Let j(r) = r**2 + r - 1. Let v(k) = 2*k**2 + k - 2. Suppose 8*u = -67 - 5. Let a(t) = u*j(t) + 4*v(t). Give a(-5).
1
Let i = -86 + 83. Let y(j) be the first derivative of -j**2 - 2. What is y(i)?
6
Let c = 10 + -5. Let y(g) = 5 + 1 - g**3 + c*g**2 - g - 7 - 6. Give y(5).
-12
Let p be 4/(-1*1/2). Let t(m) = -9 + 7*m**2 - 22*m - m + 6*m + 8*m + m**3. Calculate t(p).
-1
Let q be (5 - 0)*(1 + 0). Let l(g) = -336357 + 3*g + 336357. Calculate l(q).
15
Let b(v) be the third derivative of -v**5/60 + 11*v**4/24 - v**3 - v**2 - 25. Calculate b(7).
22
Let i be (-3)/5 - (4 + 348/(-30)). Let o(w) = 12*w - w + i*w. Determine o(-1).
-18
Let p(b) be the first derivative of -b**2/2 - 3*b - 8. Let w = -14 + 16. Let i be (-6)/(-5)*5/w. What is p(i)?
-6
Suppose 4*k = -0*k - 20. Let x = k + 7. Let y(d) = 2*d**3 - 7 + 6 - 2*d + x*d**2 + d. Determine y(-2).
-7
Suppose 20 = -86*c + 88*c. Let i be 2/c - (-38)/10. Let t(u) = -u**3 + 4*u**2 - u + 3. Determine t(i).
-1
Let u be (5 + (-10)/5)*3. Let l(p) = -13*p + 28*p - 11 - 14*p. Calculate l(u).
-2
Let m(u) = -5*u + 1. Let r(w) = -4*w + 1. Let d(q) = -6*m(q) + 7*r(q). Suppose 3*x = -2*s - 13, 11*x = 8*x - 4*s - 11. What is d(x)?
-9
Let t(o) = o**3 + 19*o**2 + 17*o - 18. Let a be t(-18). Let n be 0 + a + (1 - -2). Let y(g) = -g**2 - g**2 - 4 - g + n*g**2 - 1. Calculate y(4).
7
Let q(a) be the first derivative of -4*a**3/3 + 5*a**2/2 - a + 19. Let v(d) = -5*d**2 + 5*d - 1. Let o(r) = 6*q(r) - 5*v(r). Calculate o(-6).
5
Let p(m) = 4*m - 54. Let t be p(13). Let w(a) = -3*a**2 - 2*a + 2. Give w(t).
-6
Suppose -h - 2*h = -2*v + 27, v + 4 = -2*h. Let r(y) be the third derivative of -10*y**2 + 5/6*y**3 - 1/24*y**4 - 4 + 0*y. What is r(v)?
-1
Let u(n) = n**2 - 5*n - 3. Suppose -258 = 4*w - 5*t, 2*w = -w + 2*t - 197. Let a = -64 - w. Calculate u(a).
-9
Let a(m) = -m**3 + 7*m**2 - 4*m - 6. Suppose -2*i = 1163 - 1175. Give a(i).
6
Let s be -1*2 - (91/14 + -9). Let k(p) be the first derivative of 7*p - s*p**2 - 5. Give k(6).
1
Let g(l) = -11*l**3 - l - 1. Let u(o) = -4*o - 14. Let k(h) = 9*h + 28. Let t(m) = -3*k(m) - 7*u(m). Let a be t(-12). Suppose c + a = 1. Give g(c).
11
Let a(f) be the third derivative of -f**5/60 + 3*f**4/8 - 5*f**3/3 - 65*f**2. Calculate a(7).
4
Suppose 0 = -85*n + 89*n + 16. Let v(m) = 4*m + 5. What is v(n)?
-11
Let o(l) be the first derivative of 0*l + 1/6*l**3 - 2 + 1/24*l**4 + 2*l**2. Let b(g) be the second derivative of o(g). What is b(3)?
4
Suppose -28*f - 5*f - 66 = 0. Let d(s) = -4*s**2 - 3*s - 2. Calculate d(f).
-12
Let f = 2 + -7. Suppose -5*a = -4*h + 2, 17 = 3*h - 0*a + 4*a. Let q(y) = 3*y - 3 + y**2 + 1 + 0*y**2 + h. Give q(f).
11
Let u(t) = 10*t - 176. Let k be u(17). Let c(y) = 2*y**2 + 29*y + 23. Let m(x) = x**2 + 14*x + 11. Let d(q) = -6*c(q) + 13*m(q). Calculate d(k).
-7
Let s(u) = -u - 5. Let z(p) = p + 3. Let o(b) = -2*b + 16. Let x be o(6). Let m(k) = x*s(k) + 3*z(k). Give m(-8).
-3
Let q(y) = 1 + 9 + 1 - 12 - 18*y. Determine q(2).
-37
Let a(h) = 7*h + 10. Let j be 4 + 5 + -7 - (-1 + 7). Suppose -4*f + 3*f = -9. Let q(z) = 3*z + 5. Let m(i) = f*q(i) + j*a(i). Calculate m(4).
1
Let d(c) = -11*c + 2. Let i be (1 + 21/9)/((-2)/(-3)). Suppose -4*n = 5*f - 2*f - 4, 5*n + 30 = i*f. What is d(n)?
24
Let v(c) be the first derivative of 6*c - 31 - c**3 - 1/4*c**4 + 3*c**2. Let y(i) = -i**3 - 7*i**2 - 4*i + 8. Let n be y(-6). Give v(n).
-2
Let b(d) = -d + 7. Let x be b(3). Let w(l) = 14 - 2 + 1 - x + 2*l. Let f = 7 + -14. What is w(f)?
-5
Let i(p) be the third derivative of -p**6/120 - 7*p**5/60 - 3*p**4/8 - p**3/2 + 407*p**2. Calculate i(-6).
15
Suppose -4*o - 2 = -5*o. Let j(p) = 2*p**3 - o*p - 6*p**3 - 1 + 4*p**2 - p**3 + 6*p**3. Determine j(-4).
7
Suppose 4*a + 3*z = 133, 32 = a - 0*z + z. Let p = 36 - a. Let y(r) = 5*r**3 + r**2 + 2*r + 1. Calculate y(p).
-5
Suppose -3 = -z + 30. Let l = z + -39. Let a(d) = -d**3 - 6*d**2 - d - 3. What is a(l)?
3
Let i be 2/(-8) + (-29)/(-4). Let q(r) = -i + 2 + 5 + 5 - r**2. Let j(s) = -2*s - 6. Let d be j(-5). Calculate q(d).
-11
Let o = 11 + -7. Let z = -35 - -41. Let r(y) = -1 + 4 - 2*y + 0*y + 4*y**2 + z*y**3 - 7*y**3. Determine r(o).
-5
Let o(t) = 17*t**2 + 3*t - 5 + 0*t + 0*t - 7*t**2 - 9*t**2. Determine o(-6).
13
Let i(z) = 9*z + 28. Let v = -212 - -208. Give i(v).
-8
Let z(g) be the third derivative of -g**4/24 + g**3/6 + 71*g**2. Calculate z(-8).
9
Let z(k) be the second derivative of -1/6*k**3 + 3/20*k**5 + 4*k - 1/2*k**2 + 0 + 1/12*k**4. Let g be z(-1). Let h(y) = -2*y**2 + 1. Determine h(g).
-7
Let t(q) = 2 + 6*q - 3*q + 0*q. Suppose -3*j - 4*l + 10 = -6*j, 6 = -3*j + 3*l. Suppose -f - 3 = 5*g + j, g = -3*f + 13. Give t(f).
17
Let n(u) = -u - 10. Let c be n(-16). Let i(f) = -f - 3 + c*f - 6*f. Give i(4).
-7
Let m(s) = -s**2 - 7*s - 7. Let k be (6/4)/(21/(-98)). What is m(k)?
-7
Let x be (2/5)/((-3)/15). Let w be (-2 + 30/25)*5. Let n(j) = -5*j**2 + j + 7. Let b(u) = 14*u**2 - 2*u - 19. Let l(v) = w*b(v) - 11*n(v). What is l(x)?
1
Let c = 23 - 18. Suppose -4*j + c*m - 23 = 24, 3*j + 4*m = -12. Let a(f) = -2*f - 4. Calculate a(j).
12
Let m(r) = r**3 + 8*r**2 + 7*r + 4. Let d be m(-7). Let n(w) = w +